{"id":1244,"date":"2016-10-06T11:11:20","date_gmt":"2016-10-06T09:11:20","guid":{"rendered":"http:\/\/feuerwehr-suelfeld.de\/feuerwehr\/?page_id=1244"},"modified":"2016-10-06T21:20:24","modified_gmt":"2016-10-06T19:20:24","slug":"rauchmelder","status":"publish","type":"page","link":"http:\/\/feuerwehr-suelfeld.de\/feuerwehr\/neuigkeiten\/infothek\/rauchmelder\/","title":{"rendered":"Rauchmelder"},"content":{"rendered":"<p style=\"text-align: justify;\"><strong>Jeden Monat verungl\u00fccken rund 35 Menschen t\u00f6dlich durch Br\u00e4nde, die meisten davon in den eigenen vier W\u00e4nden. Die Mehrheit stirbt an einer Rauchvergiftung. Zwei Drittel aller Brandopfer werden nachts im Schlaf \u00fcberrascht.<\/strong><\/p>\n<p style=\"text-align: justify;\">Die j\u00e4hrlichen Folgen in Deutschland: <span style=\"color: #ff0000;\">Rund 400 Brandtote, 4.000 Brandverletzte<\/span> mit Langzeitsch\u00e4den und \u00fcber eine Mrd. Euro Brandsch\u00e4den im Privatbereich. In den meisten Bundesl\u00e4ndern ist daher die Installation von Rauchmeldern bereits gesetzlich vorgeschrieben.<\/p>\n<p style=\"text-align: justify;\"><span style=\"color: #ff0000;\">Ursache<\/span> f\u00fcr die etwa <span style=\"color: #ff0000;\">200.000 Br\u00e4nde im Jahr<\/span> ist aber im Gegensatz zur landl\u00e4ufigen Meinung nicht nur Fahrl\u00e4ssigkeit: Sehr oft l\u00f6sen <span style=\"color: #ff0000;\">technische Defekte Br\u00e4nde aus<\/span>, die ohne vorsorgende Ma\u00dfnahmen wie Rauchmelder zur Katastrophe f\u00fchren. Vor allem nachts werden Br\u00e4nde<\/p>\n<p><img loading=\"lazy\" decoding=\"async\" class=\"alignright wp-image-1258 size-medium\" src=\"http:\/\/feuerwehr-suelfeld.de\/feuerwehr\/wp-content\/uploads\/2016\/10\/rauchmelder_gross-300x201.jpg\" width=\"300\" height=\"201\" srcset=\"http:\/\/feuerwehr-suelfeld.de\/feuerwehr\/wp-content\/uploads\/2016\/10\/rauchmelder_gross-300x201.jpg 300w, http:\/\/feuerwehr-suelfeld.de\/feuerwehr\/wp-content\/uploads\/2016\/10\/rauchmelder_gross.jpg 400w\" sizes=\"auto, (max-width: 300px) 100vw, 300px\" \/><\/p>\n<p style=\"text-align: justify;\">in Privathaushalten zur t\u00f6dlichen Gefahr, wenn alle schlafen, denn im Schlaf riecht der Mensch nichts. T\u00f6dlich ist bei einem Brand in der Regel nicht das Feuer, sondern der Rauch. Bereits drei Atemz\u00fcge hochgiftigen Brandrauchs k\u00f6nnen t\u00f6dlich sein, die Opfer werden im Schlaf bewusstlos und ersticken dann.<\/p>\n<p style=\"text-align: justify;\">Da bereits das Einatmen einer Lungenf\u00fcllung mit Brandrauch t\u00f6dlich sein kann, ist ein\u00a0 Rauchmelder der beste Lebensretter in Ihrer Wohnung. Der laute Alarm des Rauchmelders warnt Sie auch im Schlaf rechtzeitig vor der Brandgefahr und gibt Ihnen den n\u00f6tigen Vorsprung, sich und Ihre Familie in Sicherheit zu bringen und die Feuerwehr zu alarmieren.<\/p>\n<p style=\"text-align: justify;\"><span style=\"color: #ff0000;\">Zigarettenrauch l\u00f6st \u00fcbrigens bei qualitativ hochwertigen Rauchmeldern keinen Alarm aus, solange die Zigarette nicht direkt unter den Rauchmelder gehalten wird.<\/span><\/p>\n<p><iframe loading=\"lazy\" width=\"800\" height=\"450\" src=\"https:\/\/www.youtube.com\/embed\/HcHrVM_PNTI?feature=oembed\" frameborder=\"0\" allowfullscreen><\/iframe><\/p>\n<h3 style=\"text-align: justify;\"><\/h3>\n<h3 style=\"text-align: justify;\">Gef\u00e4hrliche Irrt\u00fcmer<\/h3>\n<p style=\"text-align: justify;\"><strong>Genauso weit verbreitet wie die Vielzahl an Brandursachen sind die Unwissenheit und die Sorglosigkeit, mit der die meisten Personen eine Brandgefahr f\u00fcr sich ausschlie\u00dfen:<\/strong><\/p>\n<p style=\"text-align: justify;\"><span style=\"color: #ff0000;\"><em><strong>&#8222;Wenn es brennt, habe ich mehr als 10 Minuten Zeit, die Wohnung zu verlassen.&#8220;\/\u201eMir bleibt genug Zeit, mich in Sicherheit zu bringen.\u201c<\/strong><\/em><\/span><\/p>\n<p style=\"text-align: justify;\">Irrtum, Sie haben durchschnittlich nur 4 Minuten zur Flucht. Bei allen Br\u00e4nden entstehen gerade in der Schwelphase schon kurz nach Brandausbruchgro\u00dfe Mengen hochgiftiger Gase. Es bleiben nur zwei bis vier Minuten zur Flucht.<\/p>\n<p style=\"text-align: justify;\"><em>\u00a0<span style=\"color: #ff0000;\"><strong>\u201eDie Hitze wird mich fr\u00fch genug wecken.\u201c<\/strong><\/span><\/em><\/p>\n<p style=\"text-align: justify;\">Der gr\u00f6\u00dfte anzutreffende Irrtum: Denn weit gef\u00e4hrlicher als Flammen oder Hitze ist der Brandrauch. Schon nach wenigen Minuten erreichen die bei Br\u00e4nden freigesetzten Gase lebensbedrohliche Konzentrationen, die nach k\u00fcrzester Zeit zum Erstickungstod f\u00fchren.<\/p>\n<p style=\"text-align: justify;\">\u00a0<span style=\"color: #ff0000;\"><em><strong>&#8222;Meine Nachbarn oder mein Haustier werden mich rechtzeitig alarmieren.&#8220;<\/strong><\/em><\/span><\/p>\n<p style=\"text-align: justify;\">Eine gef\u00e4hrliche Fehleinsch\u00e4tzung, wenn man nur 4 Minuten Zeit hat \u2013 besonders nachts, wenn Ihr Nachbar schl\u00e4ft und das Haustier im Nebenzimmer ist.<\/p>\n<p style=\"text-align: justify;\">\u00a0<span style=\"color: #ff0000;\"><em><strong>&#8222;Wer aufpasst, ist vor Brandgefahr sicher.&#8220;<\/strong><\/em><\/span><\/p>\n<p style=\"text-align: justify;\">Stimmt nicht. Elektrische Defekte sind h\u00e4ufige Brandursachen. Auch Brandstiftungen im Keller oder Hausflur sowie ein Brand in der Nachbarwohnung gef\u00e4hrden Sie ganz unverschuldet. Auch die aufmerksamsten Zeitgenossen sind nicht vor den n\u00e4chtlichen Gefahren und der Vielzahl aller m\u00f6glichen Brandursachen gesch\u00fctzt.<\/p>\n<p style=\"text-align: justify;\"><span style=\"color: #ff0000;\"><em><strong>&#8222;Steinh\u00e4user brennen nicht.&#8220;<\/strong><\/em><\/span><\/p>\n<p style=\"text-align: justify;\">Das brauchen Sie auch nicht! Schon Ihre Gardine, die Tapete oder ca. 100g Schaumstoff, beispielsweise in Ihrer Couch, sind ausreichend, um eine t\u00f6dliche Rauchvergiftung zu erzeugen. Nicht abgeschaltete oder defekte elektrische Ger\u00e4te und \u00fcberlastete Leitungen sind weitere Gefahrenquellen.<\/p>\n<p style=\"text-align: justify;\"><span style=\"color: #ff0000;\"><em><strong>&#8222;Rauchmelder sind zu teuer.&#8220;<\/strong><\/em><\/span><\/p>\n<p style=\"text-align: justify;\">Ein Rauchmelder ist das beste Mittel zum vorbeugenden Brandschutz im eigenen Haushalt. T\u00e4glich sterben in Deutschland 2 Menschen bei Br\u00e4nden. Wie viel ist Ihnen Ihr Leben wert?<\/p>\n<div class=\"span12 media\" style=\"text-align: justify;\">\n<h3>Kinder und Feuer<\/h3>\n<p><span style=\"color: #ff0000;\"><strong>Kinder und Jugendliche verursachen pro Tag \u00fcber 20 Br\u00e4nde in Deutschland.\u00a0 Mehr als die H\u00e4lfte davon entstehen durch Kinder unter 14 Jahren.\u00a0 Als Erwachsene sollten Sie Kinder darum spielerisch auf das richtige Verhalten im Brandfall vorbereiten.<\/strong><\/span><\/p>\n<p><img loading=\"lazy\" decoding=\"async\" class=\" wp-image-1267 alignright\" src=\"http:\/\/feuerwehr-suelfeld.de\/feuerwehr\/wp-content\/uploads\/2016\/10\/1416321226-300x300.jpg\" alt=\"1416321226\" width=\"214\" height=\"214\" srcset=\"http:\/\/feuerwehr-suelfeld.de\/feuerwehr\/wp-content\/uploads\/2016\/10\/1416321226-300x300.jpg 300w, http:\/\/feuerwehr-suelfeld.de\/feuerwehr\/wp-content\/uploads\/2016\/10\/1416321226-150x150.jpg 150w, http:\/\/feuerwehr-suelfeld.de\/feuerwehr\/wp-content\/uploads\/2016\/10\/1416321226.jpg 618w\" sizes=\"auto, (max-width: 214px) 100vw, 214px\" \/>Kinder, die nicht auf selbst erlebte Erfahrungen zur\u00fcckgreifen k\u00f6nnen, sch\u00e4tzen Risiken oft falsch ein. Besonders bei dem faszinierenden Element Feuer kommen Erziehungsbeauftragte mit Verboten nicht weiter. Sobald ein Kind beginnt, sich f\u00fcr Feuer zu interessieren, k\u00f6nnen sie unter Aufsicht den Umgang mit Z\u00fcndmitteln lernen. Kinder, die im Beisein Erwachsener verantwortungsvoll mit Feuer umgehen durften, werden Gefahren besser einsch\u00e4tzen und sich im Brandfall richtig verhalten k\u00f6nnen. \u2028\u2028Die Anleitung der Kinder im Umgang mit Feuer findet in erster Linie zu Hause durch die Eltern statt. Aber auch immer mehr Kinderg\u00e4rten und Schulen nehmen Brandschutzerziehung und Aufkl\u00e4rung in ihr Programm.<\/p>\n<h3>\u00dcben Sie das Verhalten im Ernstfall<\/h3>\n<p>Bringen Sie Ihren Kindern bei niemals wegzulaufen oder sich zu verstecken. Trainieren Sie Ihr Kind darauf, Hilfe zu rufen, also 112 w\u00e4hlen und deutlich zu sprechen. Dabei sollte das Kind zuerst seinen Namen und Adresse nennen und dann mitteilen, wer in Gefahr ist, was brennt, etc. (l\u00e4sst sich gut mit einem Kindertelefon \u00fcben).<\/p>\n<h3>Weitere Regeln f\u00fcr Ihre Kinder (und Sie) sind:<\/h3>\n<ul>\n<li>Beim Verlassen der Wohnung alle T\u00fcren schlie\u00dfen, durch die man l\u00e4uft<\/li>\n<li>Bei starkem Rauch ein &#8211; wenn m\u00f6glich nasses &#8211; Tuch vor Mund und Nase halten und am Boden kriechen<\/li>\n<li>Wenn man die Wohnung nicht verlassen kann, in einem Zimmer bleiben, die T\u00fcr schlie\u00dfen und am Fenster um Hilfe rufen und warten<\/li>\n<li>Niemals aus Angst aus dem Fenster springen<\/li>\n<\/ul>\n<p>Eine schnelle \u00dcbersicht zu den wichtigsten Verhaltensregeln im Brandfall gibt das Fluchtweg-Comic. Dieses k\u00f6nnen Sie mit Klick auf das Bild downloaden. Am besten ausdrucken und an geeigneter Stelle (z.B. im Hausflur) aufh\u00e4ngen!<\/p>\n<\/div>\n<h3 style=\"text-align: justify;\">Gesetzgebung &#8211; Schleswig-Holstein<\/h3>\n<p style=\"text-align: justify;\"><strong>Einbaupflicht<\/strong><\/p>\n<ul style=\"text-align: justify;\">\n<li>f\u00fcr Neu- und Umbauten seit 01.04.2005<\/li>\n<li>f\u00fcr bestehende Wohnungen: bis 31.12.2010<\/li>\n<li>in Schlafzimmern, Kinderzimmern und Fluren, \u00fcber die Rettungswege von Aufenthaltsr\u00e4umen f\u00fchren<\/li>\n<\/ul>\n<p style=\"text-align: justify;\"><strong>Verantwortlich<\/strong><\/p>\n<ul style=\"text-align: justify;\">\n<li>f\u00fcr den Einbau: Eigent\u00fcmer<\/li>\n<li>f\u00fcr die Betriebsbereitschaft: der unmittelbare Nutzer (Bewohner\/Mieter) der Wohnung, es sei denn der Eigent\u00fcmer \u00fcbernimmt die Wartung<\/li>\n<\/ul>\n<p style=\"text-align: justify;\">Hier finden Sie die <span style=\"color: #ff0000;\"><a style=\"color: #ff0000;\" href=\"http:\/\/www.gesetze-rechtsprechung.sh.juris.de\/jportal\/?quelle=jlink&amp;query=BauO+SH&amp;psml=bsshoprod.psml&amp;max=true&amp;aiz=true\">Landesbauordnung f\u00fcr das Land Schleswig-Holstein<\/a>.<\/span><\/p>\n<p style=\"text-align: justify;\">Allen Gesetzestexten zur Rauchmelderpflicht liegt die Anwendungsnorm DIN 14676 zu Grunde: \u201eWegen der verminderten Wahrnehmung von Brandrauch im Schlaf sind Schlafbereiche, insbesondere Kinder- und Schlafzimmer sowie Flure durch Rauchwarnmelder zu \u00fcberwachen. Bei offenen Verbindungen mit mehreren Geschossen ist mindestens auf der obersten Ebene ein Rauchwarnmelder zu installieren.\u201c Die Rauchwarnmelder m\u00fcssen so eingebaut (oder angebracht) und betrieben werden, dass Brandrauch fr\u00fchzeitig erkannt und gemeldet wird.<\/p>\n<p style=\"text-align: justify;\"><strong>Schutzkonzepte f\u00fcr hilfebed\u00fcrftige oder in der Wahrnehmung eingeschr\u00e4nkte Personen<\/strong><\/p>\n<p style=\"text-align: justify;\">Bei der Umsetzung der Rauchwarnmelderpflicht ist zu beachten, dass der alleinige Einsatz von Standard-Rauchwarnmeldern nach den Landesbauordnungen und der Norm nicht immer ausreicht. Bei Personengruppen mit eingeschr\u00e4nktem Wahrnehmungsverm\u00f6gen sowie bei Menschen, die ihre Evakuierung nicht selbst organisieren k\u00f6nnen, kann es notwendig sein, Schutzkonzepte entsprechend anzupassen.<\/p>\n<p style=\"text-align: justify;\">Dieses k\u00f6nnen z. B. Zusatzsysteme f\u00fcr Geh\u00f6rlose oder Schwerh\u00f6rige sein, die den Signalton mit Lichtblitzen und in Vibrationen ausgeben. Wenn externe Hilfe zum schnellen Verlassen der R\u00e4ume notwendig sein sollte, k\u00f6nnen z. B. besonders vernetzte Rauchwarnmelder die Warnung weiterleiten. M\u00f6gliche Empf\u00e4nger sind z.B. Nachbarn, Angeh\u00f6rige oder Hausnotrufzentralen, die dann selbst schnelle Hilfe leisten bzw. organisieren.<\/p>\n<p style=\"text-align: justify;\">Quelle: www.rauchmelder-lebensretter.de<\/p>\n<p style=\"text-align: justify;\">Weitere Informationen unter: www.rauchmelder-lebensretter.de\/fachberater\/infomaterial\/info-flyer\/<\/p>\n<p><iframe loading=\"lazy\" width=\"800\" height=\"450\" src=\"https:\/\/www.youtube.com\/embed\/ENoScnMNzO0?feature=oembed\" frameborder=\"0\" allowfullscreen><\/iframe><\/p>\n","protected":false},"excerpt":{"rendered":"<p>Jeden Monat verungl\u00fccken rund 35 Menschen t\u00f6dlich durch Br\u00e4nde, die meisten davon in den eigenen vier W\u00e4nden. Die Mehrheit stirbt an einer Rauchvergiftung. Zwei Drittel aller Brandopfer werden nachts im Schlaf \u00fcberrascht. Die j\u00e4hrlichen Folgen in Deutschland: Rund 400 Brandtote, 4.000 Brandverletzte mit Langzeitsch\u00e4den und \u00fcber eine Mrd. Euro Brandsch\u00e4den im Privatbereich. In den meisten Bundesl\u00e4ndern ist daher die Installation von Rauchmeldern bereits gesetzlich vorgeschrieben. Ursache f\u00fcr die etwa 200.000 Br\u00e4nde im Jahr ist aber im Gegensatz zur landl\u00e4ufigen Meinung nicht nur Fahrl\u00e4ssigkeit: Sehr oft l\u00f6sen technische Defekte Br\u00e4nde aus, die ohne vorsorgende Ma\u00dfnahmen wie Rauchmelder zur Katastrophe f\u00fchren. Vor allem nachts werden Br\u00e4nde in Privathaushalten zur t\u00f6dlichen Gefahr, wenn alle schlafen, denn im Schlaf riecht der Mensch nichts. T\u00f6dlich ist bei einem Brand in der Regel nicht das Feuer, sondern der Rauch. Bereits drei Atemz\u00fcge hochgiftigen Brandrauchs k\u00f6nnen t\u00f6dlich sein, die Opfer werden im Schlaf bewusstlos und ersticken dann. Da bereits das Einatmen einer Lungenf\u00fcllung mit Brandrauch t\u00f6dlich sein kann, ist ein\u00a0 Rauchmelder der beste Lebensretter in Ihrer Wohnung. Der laute Alarm des Rauchmelders warnt Sie auch im Schlaf rechtzeitig vor der Brandgefahr und gibt Ihnen den n\u00f6tigen Vorsprung, sich und Ihre Familie in Sicherheit zu bringen und die Feuerwehr zu alarmieren. Zigarettenrauch l\u00f6st \u00fcbrigens bei qualitativ hochwertigen Rauchmeldern keinen Alarm aus, solange die Zigarette nicht direkt unter den Rauchmelder gehalten wird. Gef\u00e4hrliche Irrt\u00fcmer Genauso weit verbreitet wie die Vielzahl an Brandursachen sind die Unwissenheit und die Sorglosigkeit, mit der die meisten Personen eine Brandgefahr f\u00fcr sich ausschlie\u00dfen: &#8222;Wenn es brennt, habe ich mehr als 10 Minuten Zeit, die Wohnung zu verlassen.&#8220;\/\u201eMir bleibt genug Zeit, mich in Sicherheit zu bringen.\u201c Irrtum, Sie haben durchschnittlich nur 4 Minuten zur Flucht. Bei allen Br\u00e4nden entstehen gerade in der Schwelphase schon kurz nach Brandausbruchgro\u00dfe Mengen hochgiftiger Gase. Es bleiben nur zwei bis<\/p>\n","protected":false},"author":4,"featured_media":0,"parent":1237,"menu_order":1,"comment_status":"closed","ping_status":"closed","template":"","meta":{"footnotes":""},"class_list":["post-1244","page","type-page","status-publish","hentry"],"_links":{"self":[{"href":"http:\/\/feuerwehr-suelfeld.de\/feuerwehr\/wp-json\/wp\/v2\/pages\/1244","targetHints":{"allow":["GET"]}}],"collection":[{"href":"http:\/\/feuerwehr-suelfeld.de\/feuerwehr\/wp-json\/wp\/v2\/pages"}],"about":[{"href":"http:\/\/feuerwehr-suelfeld.de\/feuerwehr\/wp-json\/wp\/v2\/types\/page"}],"author":[{"embeddable":true,"href":"http:\/\/feuerwehr-suelfeld.de\/feuerwehr\/wp-json\/wp\/v2\/users\/4"}],"replies":[{"embeddable":true,"href":"http:\/\/feuerwehr-suelfeld.de\/feuerwehr\/wp-json\/wp\/v2\/comments?post=1244"}],"version-history":[{"count":28,"href":"http:\/\/feuerwehr-suelfeld.de\/feuerwehr\/wp-json\/wp\/v2\/pages\/1244\/revisions"}],"predecessor-version":[{"id":1331,"href":"http:\/\/feuerwehr-suelfeld.de\/feuerwehr\/wp-json\/wp\/v2\/pages\/1244\/revisions\/1331"}],"up":[{"embeddable":true,"href":"http:\/\/feuerwehr-suelfeld.de\/feuerwehr\/wp-json\/wp\/v2\/pages\/1237"}],"wp:attachment":[{"href":"http:\/\/feuerwehr-suelfeld.de\/feuerwehr\/wp-json\/wp\/v2\/media?parent=1244"}],"curies":[{"name":"wp","href":"https:\/\/api.w.org\/{rel}","templated":true}]}}